*3 + 11*l**2 - 13*l. What is o(9)?
108
Let t(p) = -38*p - 120. Let s be (7/(-28))/(13/156). Give t(s).
-6
Let i(v) = 2*v - 24. Let d be 43 + -37 + -5 + -1 + 1. Determine i(d).
-22
Let l(h) = h**3 - 5*h**2. Suppose 47 = -15*r + 17. Let w(o) = o - 2. Let c(z) = r*w(z) + l(z). What is c(5)?
-6
Let b = -313 - -350. Suppose b*f - 33*f = -24. Let z(t) = -t. Calculate z(f).
6
Let m(u) = -34 - 21*u + 56*u + 14 + 12 - 31*u. Give m(-1).
-12
Let o(x) be the first derivative of -x - 1/3*x**3 + 4*x**2 + 42. Calculate o(8).
-1
Let f(l) = 5*l**2 + 2*l - 1. Let r = -50 + 34. Let z = r - -12. Let p = 2 + z. What is f(p)?
15
Let w = 1 - 4. Let p(y) = -y**3 - 5*y**2 - 6*y + 3. Let g be p(w). Suppose g*d = -0 + 6. Let j(n) = n**2 - 2. Give j(d).
2
Let s(m) = -34*m - 39. Let i be ((0 - 14) + 18)/(-4). Calculate s(i).
-5
Let d(m) = 2*m**3 - 14*m**2 - 43*m + 303. Let s be d(7). Let g(u) = -u**3 + 4*u**2 + 2*u - 12. Give g(s).
0
Let i(f) = f**2 - 24 + 5*f + 38 - 24 + 15. What is i(-7)?
19
Let p(a) = 56444*a**2 - 112899*a**2 - 55 + 56452*a**2 - 25*a. Give p(-7).
-27
Let y(f) = -f**2 - 13*f + 106. Suppose -2*c = -4*i + 28, 2*i - 39*c - 6 = -42*c. Calculate y(i).
-8
Let t(y) = 1137056 - 5*y - 1137046 - 13*y. Determine t(0).
10
Let t(b) = -386 + 3*b + b - 382 + 759. What is t(6)?
15
Let w(v) = -4 + 47532*v - 41 - 23768*v - 23768*v. Calculate w(-11).
-1
Suppose -4*y + 42 = 10*y. Let h(w) = -2 - 4 + 7 - 3*w + y + 3. Calculate h(-6).
25
Let k = -6 - 2. Suppose 34*i = 10*i + 48. Let u(v) = -6 - 2*v**2 + 0 + 2 - 3 + 3*v**i + 7*v. What is u(k)?
1
Let q(x) = -x**3 + x**2 - x - 2. Suppose 0*v + 2*v = 5*t - 24, t + v - 9 = 0. Let j = -68 + 73. Suppose -t*h = -j*h. Determine q(h).
-2
Let s = -17 + -8. Let g = 30 + s. Suppose o + p - 3*p + 12 = 0, 0 = -g*o - p - 16. Let r(m) = -m**2 - 2*m - 5. Determine r(o).
-13
Let v(s) = -34445457*s**2 - 2 + 34445456*s**2 + 2*s**3 + 3*s**3. Determine v(-2).
-46
Let l(f) be the second derivative of -f**5/10 + f**4/12 - f**3/3 - f**2/2 + 2*f + 1720. What is l(2)?
-17
Let n(v) = -v**2 + 7*v + 6. Let j(c) = 6*c**3 + c**2 - c + 1. Suppose -16*a - 1 = -17*a. Let i be j(a). Determine n(i).
6
Let h(v) = -5*v**3 + 24*v**2 + 5*v + 53. Let z(x) = -13*x**3 + 73*x**2 + 14*x + 158. Let r(s) = -8*h(s) + 3*z(s). Give r(-27).
-4
Suppose 12 = -t - 4*o, -2*t - t - 28 = 4*o. Let x(j) = j**3 + 8*j**2 - 7*j - 59. Give x(t).
-3
Let r(p) = -9*p + 3. Let z be (-8)/12 + (-405)/(-243). Determine r(z).
-6
Suppose -57 - 29 = 2*x. Let h = x - -101. Let d = -54 + h. Let k(p) = p**2 - 5*p + 2. Determine k(d).
-2
Let m(c) = -c + 27. Let b be m(11). Let y(g) be the second derivative of -g**4/12 + 7*g**3/3 + 6*g**2 - 1857*g. Calculate y(b).
-20
Suppose 4*r - 3*l + 3 = 0, l + 4*l - 25 = 0. Let h = r - 37. Let d = h - -40. Let w(u) = -u**2 + 7*u - 8. Give w(d).
-2
Suppose -4*x = 4*q - 200, -3*x + 311 - 107 = 4*q. Let w = q + -60. Let l(r) = r + 4*r - 3*r - 3*r + 3. What is l(w)?
9
Let n = -14035 - -14032. Let u(y) = 3*y**2 + 4*y + 11. Give u(n).
26
Let q be (9 + -1)*17/68. Let d be (2/(-1 + 2))/q + -2. Let h(z) be the second derivative of z**3/6 - z**2/2 - 6*z. What is h(d)?
-2
Let v(s) = -s**3 + 4*s**2 - 5*s + 2. Suppose 1725*g = 1741*g - 80. Determine v(g).
-48
Let l(s) be the second derivative of -s**5/20 + 7*s**4/12 + s**3/6 - 5*s**2/2 - 749*s. Give l(3).
34
Let f(b) = -b**3 + 2*b**2 + 2*b + 2. Let i be f(3). Let t(g) = -g**3 - 13*g**2 - 14*g - 16. Let r be t(-12). Let k(m) = -r*m + 22*m - 13*m. What is k(i)?
-1
Suppose -20 + 14 = -3*k. Suppose -11*f - 9 = -k*f. Let r(u) = -7*u**2 - 2*u - 1. Give r(f).
-6
Let x(r) = -6*r - 50. Let o be x(-9). Suppose o*k - 8 = 0, 0 = -22*j + 27*j + k - 22. Let t(w) = -w**2 + 6*w - 3. Calculate t(j).
5
Let q be ((-2)/(-4))/(((-1)/5)/(13376/(-1520))). Let y(s) = s**3 - 21*s**2 - 22*s + 9. Determine y(q).
9
Let k(b) = -24*b**2 - 3*b**3 + 2*b - 2 + 42*b**2 + 6*b - 12*b - 19*b**2. Determine k(-1).
4
Suppose 0 = 58*s + 117*s - 1750. Let z(f) = -4*f**2 + 39*f + 11. Give z(s).
1
Let x(f) = 13*f**3 - 10*f**2 + 61*f - 50. Let g(u) = -4*u**3 + 3*u**2 - 20*u + 17. Let q(l) = -16*g(l) - 5*x(l). Give q(4).
6
Let g(m) = -82*m - 24 - 90*m - 95*m + 280*m. Calculate g(12).
132
Suppose -113 + 977 = 8*x. Suppose 6*q = 7*q - 106. Let a = x - q. Let y(k) = -k**2 + k. What is y(a)?
-2
Let h(b) = -b**3 + 17*b**2 + 40*b - 44. Suppose m - 14 = 3*t - 4*t, 2*m - 48 = 2*t. Determine h(m).
-6
Suppose 136 = -l - 3*l - 4*v, v - 36 = l. Let z(i) = -3*i**3 - 302*i**2 + 101*i + 38. Let y be z(-101). Let q = l + y. Let w(b) = b**2 - b - 3. What is w(q)?
3
Let q(c) be the first derivative of c**3/3 - 5*c**2 - 12*c - 19480. Let a(w) = 4*w - 2. Let k be a(3). Determine q(k).
-12
Let x(a) = 5*a - 6. Let m(q) = 17*q - 785. Let s be m(46). Calculate x(s).
-21
Let s(t) = 3*t**2 + 2*t + 1. Let b be 651/(-124)*12/(-14)*2. Suppose 69 = b*d - 32*d. What is s(d)?
22
Let h(q) be the second derivative of -q**4/3 + 3*q**3/2 - 3*q**2/2 + 365*q. What is h(3)?
-12
Let z(h) = 3*h**3 + 3*h**2 + 4*h + 9. Let y be (6/(-22))/(2 + 184/(-88)). Let q(i) = 4*i**3 + i**2 + 4*i + 10. Let o(g) = y*z(g) - 2*q(g). Calculate o(-7).
-21
Let c be (-40250)/6325 - 4/(-11). Let z(b) = b**3 + 2*b**2 - 22*b - 7. Give z(c).
-19
Let g(b) = b**3 + 5*b**2 + 6. Let k be (-56)/(-10) - ((-35)/25 + 1). Let x(o) = -8 - k - 4 - 5 - o. Let p be x(-18). What is g(p)?
6
Let m(x) = 5*x**3 + 2*x**2 - x + 1. Let d be (4*2/(-6))/(1*(-68)/(-102)). Give m(d).
-29
Let q = 5874 - 23493/4. Let v(c) be the second derivative of 0 - 15*c - 1/3*c**3 - 1/20*c**5 + q*c**4 + 6*c**2. Determine v(9).
-6
Suppose 2*f + 3*n - 15 = 0, 4*f - 9 - 16 = -5*n. Let s(x) be the first derivative of x + 45 - 3/2*x**2 + f*x**3 + x**4. Give s(2).
27
Let z be (4/6)/(2/6). Let h(j) = -1 + j**2 + 95*j + 102*j + 107*j - 301*j. Calculate h(z).
9
Let w(d) = 4*d - 13. Let f(k) = 15*k - 48. Let b(m) = -3*f(m) + 11*w(m). Give b(9).
-8
Let g be (25 - (36 - 22)) + -1*2 + 0. Let m(n) = 2*n**3 - 16*n**2 - 19*n + 7. Determine m(g).
-2
Let y(a) = 9*a**3 + 7*a**2 - 144*a + 31. Let o(f) = -5*f**3 - 4*f**2 + 79*f - 16. Let c(p) = 11*o(p) + 6*y(p). Determine c(-4).
22
Let b(w) = -w**2 - 14*w + 5. Let y be 4/48 - 10647/756. Give b(y).
5
Suppose 4*b - 55 = -35, -3*b + 2 = -4*r - 25. Let s(h) = h**2 - 1. Let o(q) = q**3 + q**2 + 7*q + 8. Let p(d) = o(d) + 4*s(d). Determine p(r).
1
Let u = 1280 + -1283. Let w(s) = -s - 5*s**2 + 4*s**2 - 7 + 9. Calculate w(u).
-4
Let u(r) = 26*r - 54. Let z(g) = 9*g - 19. Let h be 1*2 - (-6 - 10/(-5)). Let n(s) = h*u(s) - 17*z(s). Calculate n(2).
5
Let j(l) = 7040 + 6995 + 7001 + 3*l + 7037 - 27956. Calculate j(-36).
9
Let c(l) = -5 + l + 4 - 6*l. Let b be 3/21*7*2. Suppose -2*f + b*z - 3*z - 7 = 0, 10 = -5*f - z. What is c(f)?
4
Suppose 3*t + 28 = -2*v + 29, 0 = 4*v + t - 7. Let p(o) be the third derivative of -v*o**2 - o**3 + 0 + 0*o - 1/120*o**6 + 1/30*o**5 + 7/24*o**4. What is p(4)?
-10
Suppose -8*d = 36 + 12. Let z(n) be the second derivative of n**4/12 + 2*n**3/3 - 3*n**2 - 35*n. Give z(d).
6
Let m(s) be the third derivative of -26*s**2 + 1/60*s**5 - 1/3*s**4 + 1/3*s**3 + 0*s + 0. Determine m(6).
-10
Let v(h) = -45932 - 45976 + 91985 + 4*h. Determine v(-18).
5
Let o(f) = 39*f**2 - 39*f + 6. Let r(l) = 28*l**2 - 26*l + 4. Let w(c) = -5*o(c) + 7*r(c). Determine w(-18).
88
Suppose 54 = 32*v - 5*v. Suppose -18*l + 16*l = -v. Let m(b) = -b**2 - 5*b + 4. What is m(l)?
-2
Let m(y) be the third derivative of -y**4/24 + 4*y**3/3 + 54*y**2 + 12. Determine m(-8).
16
Suppose 51 + 32 = -35*c + 13. Let l(z) = -5*z**3 - 5*z**2 - 4*z - 1. Give l(c).
27
Let j(g) = -2593 - 2*g + 2593 + g. Suppose z - 34 = -4*u, 19 = -8*u + 11*u + 4*z. Determine j(u).
-9
Let h(a) = -4728*a**3 - 16*a - 3 + 2366*a**3 + 2361*a**3 + 16*a**2 - 13. Give h(15).
-31
Let g(c) = -327 + 4562*c + 4566*c - 9161*c - 11. Determine g(-10).
-8
Let m(l) = l**3 + l + 5. Let g be m(-2). Let w(h) = 6*h + 8. Let u = -1 - 6. Let i(k) = -2*k - 3. Let p(q) = u*i(q) - 2*w(q). Determine p(g).
-5
Suppose -3*u - 5*c + 114 = 0, u = -4*c + c + 42. Suppose -4*k + 2*x - 4*x = -34, 0 = 4*k + x - u. Let h(a) = a**3 - 7*a**2 - 10*a - 8. What is h(k)?
-24
Let t(d) = 2*d**2 + 17 - 8 - 231*d + 240*d - 3*d**2. What is t(10)?
-1
Let n(j) = -23*j - 25. Let m = 302 - 303. Let u be n(m). Let l(q) = -12*q - 3. Determine l(